t of k?
8
Let y = 30 - 54. Let b be (15/(-9))/(8/y). Suppose 4*j - b = 39. What is the tens digit of j?
1
Let f = 3160 - 1403. What is the tens digit of f?
5
Let q = 48 + -46. Suppose -2*i = -0*l - l - 180, -q*i = 3*l - 164. What is the tens digit of i?
8
What is the hundreds digit of 99*16/6 - 7?
2
Let g(h) = 4*h - 5. Let o be g(-3). Let q = o + 37. What is the tens digit of q?
2
Let t(m) = 8 - 1 + 5*m - 18. What is the tens digit of t(9)?
3
Suppose 0 = -4*k + 2*m + 16, k - 3*m + 5*m = 9. Suppose -v - 2*i + 72 = 0, -k*v + 5*i + 399 = 2*i. What is the tens digit of v?
7
Let u = -12 - -8. Let g be u/3*18/(-12). Suppose g*b = 32 + 2. What is the units digit of b?
7
Suppose -7*t + 29 = -3*r - 2*t, 25 = -3*r + 4*t. What is the units digit of r - 96*(3 - 4)?
3
Let v = -12 + 6. Let l(c) = -4*c + 16. Let z be l(v). What is the tens digit of (-1 - (2 + -4))*z?
4
Let y = -258 + 268. Let f be ((-1)/2)/((-1)/170). What is the tens digit of (8/y)/(2/f)?
3
Let g(l) = -l**3 - 8*l**2 - 11*l - 4. Let j(n) = 3*n + 5. Let s(h) = h - 15. Let w be s(11). Let r be j(w). What is the units digit of g(r)?
4
Let k(s) = 3*s**2 - 55*s - 2. What is the hundreds digit of k(-23)?
8
Let d(b) = b + 23. Let a be d(-19). Suppose -5*u = -a*k - 121, -3*u + 3*k + 74 = 2*k. What is the units digit of u?
5
Suppose 3*d - 4*f - 15850 = 0, -2*d + 4*f + 584 = -9988. What is the tens digit of d?
7
Let z(n) = -1 - n - 2*n - 2*n + n. Let r be z(-2). Suppose 3*x = -2*p + 30, -r*x = 3*p - 4*x - 51. What is the units digit of p?
1
Suppose h - 55 = 3*w + 2*w, w - 178 = -4*h. What is the units digit of (-4 - -2 - -3)*h?
5
Let d(x) = x**3 + 14*x**2 + 12*x. Let c be d(-13). Let k(n) = -n**3 + 13*n**2 + 4*n + 15. Let g be k(c). Suppose 98 = 5*i - g. What is the tens digit of i?
3
Suppose -1 + 6 = b. Let s be (0 + (-9)/(-2))*2. Suppose -g + s = -4*p, 5*g = b*p + 42 + 3. What is the units digit of g?
9
What is the units digit of ((-32952)/(-16))/(-9*1/(-12))?
6
Suppose 2*f - 3*l + 10 = -9, -6 = f + 2*l. What is the tens digit of (((-3)/4)/(-1))/(f/(-192))?
1
Suppose 66 = 2*v - 966. What is the units digit of v?
6
Let o = 20 - 19. Suppose -c + o = 5, 4*c + 4 = -4*y. What is the tens digit of 38*(y/2 - 1)?
1
Suppose 18*r + 9*r = 10449. What is the hundreds digit of r?
3
Suppose -45*g = -43*g. Suppose 2*o + g*m - 20 = -2*m, 0 = o + 5*m - 30. Suppose -549 = -o*s - 5*h - 194, 0 = 3*s + 5*h - 215. What is the tens digit of s?
7
Let l(x) = -x**2 + 6*x - 3. Let y be (32/28)/(4/14). Let b be l(y). Suppose -b*j - 274 = -5*s - j, -190 = -3*s - 4*j. What is the units digit of s?
8
Suppose -5*h - 2*d = -0*h - 500, -500 = -5*h + 2*d. Let t = -48 + 58. Suppose -3*a - t = -h. What is the units digit of a?
0
Suppose -3*k = -1180 - 248. Suppose -n + 91 = 4*u, -5*n + 3*u - 2*u + k = 0. What is the tens digit of n?
9
Let v = 328 - 224. Suppose 3*r = 5*l + 1, 2*r = 3*r + 5*l - 7. What is the units digit of (v/(-20))/(r/(-5))?
3
Suppose 8*a - 3*a = 45. Suppose 5*s - a + 29 = 0. What is the units digit of (-158)/(-4) + s/(-8)?
0
Suppose -4*j + 325 = -j - 2*i, -3*j = 4*i - 349. What is the hundreds digit of j?
1
Suppose a + 3*a - 229 = 3*k, 5*k - 121 = -2*a. Suppose 4*r = -5*q + r + 290, -q + a = -4*r. What is the units digit of q?
8
Let g(k) = k**2 + 8*k + 15. Let s(z) = 3*z**2 + 17*z + 30. Let t(a) = -5*g(a) + 2*s(a). What is the units digit of t(13)?
6
Let d(t) = t**2 - 13*t + 16. Let y be d(12). Suppose 0 = 5*o + k - 1440, 0 = 5*o + y*k - 495 - 945. What is the hundreds digit of o?
2
Let a be (-2)/(-8) - (-11)/(-44). Suppose -z - 4*u + 15 = 0, -5*z + 4*u + 5 + 46 = a. Suppose k = 4*i + 42, -4*k + 179 = -5*i - z. What is the units digit of k?
0
Let r = 70 - -5. What is the tens digit of (-10 - 2)/(-3) - r/(-1)?
7
Suppose -1025 = -3*t + 349. What is the hundreds digit of t?
4
Let q(f) = 119*f**2 - f + 2. Let n be q(1). Let s = 201 - n. What is the tens digit of s?
8
Let b = 5 - 29. Let l be (-472)/b + 1/3. What is the tens digit of l*4/56*7?
1
Suppose -3*f + 0 = -18. Let m be -18*-3*1/f. What is the tens digit of 48/m*(-153)/(-12)?
6
Let u(c) be the second derivative of -c**3/3 - 7*c**2/2 + 2*c. Let l be u(-5). Suppose 0 = -2*o + l*t - 1, -o - 4*o + 4 = -t. What is the units digit of o?
1
Suppose 7*u = 410 + 1053. Let d = 346 - u. What is the tens digit of d?
3
Let q = -4 + 8. Let a = q - -1. Suppose -2*x = a*t - 2*t - 41, 0 = -4*x + 16. What is the units digit of t?
1
Let i(f) = 6*f + 6 + 5 - 5 - f**2 + 1. Let x be i(7). Suppose 3*b = -4*z + 40, x*b = 5*b - 20. What is the units digit of z?
7
Let y(d) = 5*d**2 + 6*d - 1. Let l be y(-3). Let b = 66 - l. What is the tens digit of b?
4
Let n(k) = k**2 + 4*k - 122. What is the thousands digit of n(42)?
1
Let l(r) = -r**2 + 22*r - 30. What is the tens digit of l(18)?
4
Let z(t) = -2*t**2 + 5*t + 7. Let a(w) = -w - 1. Let y(p) = -3*a(p) - z(p). Let g(x) = -x**2 + 3*x + 7. Let h be g(5). What is the tens digit of y(h)?
2
Let f = -20 - -22. Suppose 0 = s + f*s. What is the units digit of (-3)/(-1) + 29 + s?
2
Let r = -4 - -19. Suppose 11*y - r*y = -512. What is the hundreds digit of y?
1
Let l(k) = -k**3 + 2*k**2 + k - 1. Let f be l(2). What is the tens digit of f + 0 - (-45 - 13)?
5
Let s(d) = d**2 + 11*d + 5. Let f be s(6). Suppose 0 = -102*u + f*u - 1205. What is the units digit of u?
1
Let w be ((-12)/(-4))/(-1) - 7. Let m be 16/w*(-130)/4. Suppose -3*f + m = -32. What is the units digit of f?
8
Suppose 37*f - 41*f - n + 3835 = 0, 4799 = 5*f + 3*n. What is the hundreds digit of f?
9
Suppose -13 - 1 = -3*w - 4*f, 4*w = 4*f. Suppose -1 + 17 = -w*x. Let r = 2 - x. What is the units digit of r?
0
Let c = -629 - -1304. What is the units digit of c?
5
Suppose 3*s = 4*p + 251, -275 = 5*p + 5*s - s. Let m be (-30)/(-4)*(-8)/(-10). What is the units digit of p/(-3) - (-2)/m?
0
What is the units digit of (-1)/((-7692)/42064 + (-8)/(-44))?
6
Let y be 0 - (-2 + 3 - 2 - -5584). What is the tens digit of (-2)/13 - 3/117*y?
4
Let u be ((-1)/(-2)*9)/(2/100). Let g = -96 + u. What is the units digit of g?
9
Suppose 2*s + 15 = 7*s. Suppose -68 = s*b - 5*b. What is the units digit of b?
4
Let b(t) = -7 - 4 + 15*t - 12 - 16*t. Let p be b(-18). Let u(g) = -g**3 - 6*g**2 - 7*g - 2. What is the units digit of u(p)?
8
Let a = 1131 - -93. What is the thousands digit of a?
1
Let d be -2*((-3 - 0) + -2). Suppose 4 = 4*c, -5*t + 5*c = d - 45. Let s = 32 - t. What is the tens digit of s?
2
Suppose 5*p + 4 = -11. Let k(b) = -7*b**3 - 4*b + 1 + 0*b**2 + b**3 + 5*b**3 - b**2. What is the units digit of k(p)?
1
Suppose 44*h - 28215 - 67793 = 0. What is the units digit of h?
2
What is the units digit of (-1 + 349)*(-1)/(-14)*21?
2
Let v(b) = 299*b**2 - 3*b + 3. What is the hundreds digit of v(-3)?
7
What is the units digit of ((-1488)/310)/((18/(-500))/3)?
0
Suppose 30 = 3*k + 6. Suppose k*r = -18 + 274. What is the units digit of r?
2
Suppose 143 = 5*g - i - 198, -16 = -4*i. What is the units digit of g?
9
Suppose 4349 = 2*w - 3*i, 0 = 3*w - 2*i + 5*i - 6486. What is the thousands digit of w?
2
Suppose -3*g + 157 = -5*h, -2*g + 6*g - 213 = 3*h. Let d be g/7 + (-4)/(-14). What is the units digit of 12/1*6/d?
9
Suppose -24*v + 57*v = 20757. What is the hundreds digit of v?
6
Suppose -10 = -2*m + 3*j - 1, -5*m - 15 = 5*j. Suppose -424 = -m*c - 4*c. What is the tens digit of c?
0
Let v be 4/(-14) + (-18)/(-63). Let n be v/2 - 469/(-7). Suppose 0 = 2*l - 4*t + t - 49, -3*l - 2*t + n = 0. What is the units digit of l?
3
Suppose -13*b = -17*b + 2*n + 5672, 4*b = -n + 5678. What is the units digit of b?
9
Let j(a) = 6*a**2 - a - 80. What is the units digit of j(-9)?
5
What is the hundreds digit of 259 + -42 + -1 + -2?
2
Suppose -3*a - 3 = -12. Suppose -2*x = 5*s - 6*x - a, 0 = 4*s + 4*x - 24. Suppose -3*i = s*h - 0*h, 20 = -4*h. What is the units digit of i?
5
Let p(z) = -4*z**3 + 6*z**2 + 6*z - 5. What is the hundreds digit of p(-6)?
0
Let r(t) = -46*t + 147. What is the tens digit of r(-14)?
9
Suppose -1135 = 6*f - 11*f. What is the tens digit of f?
2
Let q = 6667 + -1852. What is the units digit of (-3)/7 - q/(-63)?
6
Suppose 3*w - 1988 = -4*v + 607, 0 = 3*v. Let s be w/(-15) + (-1)/3. Let x = -40 - s. What is the tens digit of x?
1
Let m(b) = -2*b**3 - 6*b**2 - 16*b - 37. What is the tens digit of m(-7)?